
3 (base 5) to base 3
10
What is -1 (base 12) in base 16?
-1
Convert -7 (base 13) to base 10.
-7
What is -1 (base 4) in base 14?
-1
What is -2 (base 15) in base 2?
-10
-91 (base 13) to base 10
-118
What is 62 (base 13) in base 7?
143
Convert -11 (base 5) to base 14.
-6
What is 2 (base 8) in base 5?
2
What is 166 (base 10) in base 6?
434
-48 (base 10) to base 3
-1210
1211 (base 3) to base 2
110001
What is -11 (base 6) in base 10?
-7
What is 11 (base 4) in base 9?
5
What is -4d (base 16) in base 11?
-70
Convert 1012 (base 3) to base 9.
35
What is 12 (base 7) in base 2?
1001
What is 23 (base 11) in base 9?
27
135 (base 7) to base 16
4b
Convert 31 (base 7) to base 13.
19
Convert -4 (base 15) to base 12.
-4
Convert -12 (base 6) to base 13.
-8
What is -b (base 13) in base 15?
-b
-4 (base 14) to base 16
-4
What is a (base 11) in base 6?
14
Convert -10 (base 4) to base 15.
-4
Convert 0 (base 9) to base 4.
0
Convert 32 (base 10) to base 12.
28
Convert 10 (base 2) to base 4.
2
Convert 1 (base 14) to base 11.
1
What is -8 (base 9) in base 10?
-8
-2 (base 15) to base 13
-2
What is 43 (base 5) in base 14?
19
-2 (base 7) to base 3
-2
0 (base 10) to base 9
0
100 (base 4) to base 2
10000
-113 (base 4) to base 10
-23
-20 (base 5) to base 10
-10
What is -12021 (base 3) in base 5?
-1032
What is 3 (base 16) in base 12?
3
What is c8 (base 14) in base 10?
176
Convert -1 (base 12) to base 6.
-1
What is -23 (base 4) in base 6?
-15
421 (base 5) to base 11
a1
-1 (base 10) to base 12
-1
What is -11111 (base 2) in base 5?
-111
What is 4 (base 15) in base 8?
4
-1 (base 11) to base 4
-1
Convert 2 (base 7) to base 9.
2
What is 7 (base 14) in base 2?
111
What is 304 (base 5) in base 13?
61
What is 2 (base 16) in base 5?
2
What is 9 (base 10) in base 5?
14
-f (base 16) to base 13
-12
Convert 342 (base 5) to base 8.
141
Convert -73 (base 8) to base 5.
-214
What is 2f (base 16) in base 2?
101111
3 (base 4) to base 15
3
-16 (base 16) to base 7
-31
What is 18 (base 15) in base 16?
17
10 (base 2) to base 12
2
4 (base 16) to base 3
11
-9 (base 11) to base 14
-9
403 (base 7) to base 10
199
Convert 2 (base 16) to base 9.
2
10 (base 4) to base 7
4
-15 (base 11) to base 15
-11
Convert -51 (base 14) to base 13.
-56
What is -18 (base 11) in base 12?
-17
What is -207 (base 8) in base 12?
-b3
-3 (base 7) to base 4
-3
What is -29 (base 16) in base 5?
-131
What is 3 (base 5) in base 16?
3
What is c (base 14) in base 11?
11
27 (base 16) to base 11
36
What is -6 (base 9) in base 12?
-6
Convert -12 (base 5) to base 8.
-7
-4 (base 12) to base 16
-4
1a (base 11) to base 12
19
-4 (base 11) to base 7
-4
Convert 3 (base 4) to base 8.
3
What is 10 (base 13) in base 3?
111
-5 (base 8) to base 12
-5
Convert -1 (base 10) to base 6.
-1
Convert -2 (base 10) to base 11.
-2
Convert -2000 (base 3) to base 7.
-105
Convert 4 (base 16) to base 8.
4
Convert -1 (base 3) to base 9.
-1
Convert 7 (base 8) to base 12.
7
Convert -121 (base 3) to base 11.
-15
Convert 2 (base 4) to base 7.
2
Convert -11222 (base 3) to base 7.
-251
Convert -205 (base 6) to base 9.
-85
What is -4 (base 12) in base 15?
-4
3 (base 7) to base 8
3
2d (base 14) to base 4
221
What is 0 (base 8) in base 5?
0
What is -121 (base 3) in base 12?
-14
What is -172 (base 9) in base 5?
-1041
What is -10000 (base 2) in base 7?
-22
12 (base 7) to base 14
9
-136 (base 9) to base 2
-1110010
2 (base 8) to base 15
2
Convert 0 (base 14) to base 3.
0
-221 (base 10) to base 3
-22012
42 (base 9) to base 13
2c
Convert 10 (base 15) to base 2.
1111
What is -3 (base 5) in base 10?
-3
100 (base 3) to base 9
10
-23 (base 6) to base 14
-11
Convert 24 (base 5) to base 13.
11
What is 10 (base 2) in base 15?
2
-46 (base 7) to base 4
-202
Convert 64 (base 16) to base 4.
1210
What is -1 (base 2) in base 13?
-1
What is 2 (base 11) in base 6?
2
What is 5 (base 15) in base 14?
5
-10 (base 3) to base 6
-3
Convert 448 (base 9) to base 13.
224
-2 (base 8) to base 2
-10
What is 10 (base 10) in base 5?
20
Convert 125 (base 11) to base 8.
224
10011 (base 2) to base 6
31
Convert -1 (base 13) to base 16.
-1
Convert -23 (base 5) to base 13.
-10
Convert 3e (base 16) to base 4.
332
Convert 10001101 (base 2) to base 11.
119
2 (base 5) to base 13
2
What is -117 (base 13) in base 11?
-162
What is -1112 (base 4) in base 10?
-86
What is -2 (base 4) in base 15?
-2
Convert 41 (base 5) to base 8.
25
7 (base 11) to base 15
7
What is 14 (base 14) in base 3?
200
What is -5 (base 8) in base 3?
-12
-4 (base 12) to base 7
-4
Convert -7 (base 12) to base 14.
-7
-9a (base 12) to base 16
-76
Convert -4 (base 13) to base 5.
-4
0 (base 14) to base 3
0
48 (base 9) to base 7
62
What is -a (base 16) in base 2?
-1010
-21 (base 5) to base 3
-102
Convert -3 (base 15) to base 16.
-3
2003 (base 4) to base 11
10a
What is -4 (base 16) in base 2?
-100
5 (base 15) to base 13
5
Convert 122 (base 8) to base 9.
101
What is -153 (base 11) in base 3?
-20122
What is 1 (base 13) in base 6?
1
Convert 645 (base 7) to base 4.
11013
What is -31 (base 16) in base 7?
-100
Convert f (base 16) to base 3.
120
-12 (base 5) to base 15
-7
-2 (base 4) to base 12
-2
Convert 22 (base 5) to base 10.
12
Convert 6 (base 8) to base 16.
6
203 (base 8) to base 9
155
3 (base 11) to base 13
3
Convert 122 (base 3) to base 8.
21
What is 77 (base 13) in base 9?
118
Convert -1aa (base 11) to base 13.
-157
Convert 0 (base 12) to base 6.
0
d (base 15) to base 2
1101
Convert -4 (base 13) to base 15.
-4
-4 (base 10) to base 12
-4
27 (base 9) to base 15
1a
101 (base 3) to base 13
a
4 (base 5) to base 14
4
-100 (base 2) to base 14
-4
-32 (base 5) to base 9
-18
Convert -7 (base 15) to base 11.
-7
260 (base 7) to base 5
1030
Convert -112 (base 5) to base 15.
-22
-61 (base 12) to base 15
-4d
Convert 63 (base 11) to base 5.
234
What is 0 (base 14) in base 12?
0
What is -47 (base 15) in base 7?
-124
What is -1 (base 16) in base 8?
-1
What is 15 (base 15) in base 13?
17
-10 (base 5) to base 2
-101
121 (base 3) to base 8
20
Convert 178 (base 9) to base 4.
2120
Convert -d0 (base 16) to base 8.
-320
-4 (base 13) to base 11
-4
-11 (base 6) to base 11
-7
-109 (base 14) to base 2
-11001101
-4 (base 13) to base 4
-10
Convert 4 (base 9) to base 10.
4
2c (base 16) to base 6
112
-145 (base 13) to base 4
-3202
What is -19 (base 12) in base 9?
-23
-1a1 (base 16) to base 14
-21b
What is -1 (base 13) in base 15?
-1
What is 2c (base 15) in base 6?
110
3 (base 8) to base 14
3
Convert -11 (base 9) to base 3.
-101
Convert 40 (base 5) to base 10.
20
-133 (base 4) to base 6
-51
What is -5 (base 13) in base 2?
-101
Convert -22 (base 3) to base 9.
-8
Convert -5 (base 9) to base 15.
-5
What is -1 (base 14) in base 5?
-1
Convert 0 (base 15) to base 13.
0
What is 114 (base 5) in base 6?
54
What is -6 (base 14) in base 9?
-6
What is 0 (base 2) in base 4?
0
What is -3 (base 11) in base 14?
-3
Convert 33 (base 12) to base 11.
36
2212 (base 3) to base 4
1031
-3 (base 16) to base 10
-3
Convert 9 (base 12) to base 16.
9
What is -3 (base 6) in base 12?
-3
Convert 4 (base 7) to base 10.
4
Convert 3 (base 7) to base 8.
3
What is 11 (base 15) in base 6?
24
0 (base 11) to base 5
0
What is 31 (base 16) in base 15?
34
What is -a (base 15) in base 14?
-a
Convert 1000111 (base 2) to base 6.
155
-2 (base 6) to base 11
-2
What is 28 (base 9) in base 6?
42
What is 2 (base 3) in base 4?
2
313 (base 7) to base 14
b3
58 (base 16) to base 6
224
Convert -388 (base 9) to base 4.
-11003
1 (base 16) to base 7
1
What is -4 (base 15) in base 3?
-11
Convert 132 (base 5) to base 6.
110
What is 0 (base 14) in base 8?
0
Convert -10 (base 2) to base 16.
-2
What is -101 (base 2) in base 8?
-5
29 (base 14) to base 15
27
Convert 41 (base 6) to base 7.
34
What is -4 (base 5) in base 10?
-4
Convert -1122 (base 3) to base 15.
-2e
Convert 3 (base 4) to base 2.
11
Convert 0 (base 6) to base 8.
0
Convert -142 (base 5) to base 6.
-115
What is -1 (base 14) in base 4?
-1
What is -1 (base 14) in base 8?
-1
2 (base 8) to base 11
2
1 (base 8) to base 5
1
Convert -2201 (base 4) to base 8.
-241
What is 11001011 (base 2) in base 6?
535
What is 6 (base 11) in base 6?
10
What is 23 (base 4) in base 15?
b
What is -1011000 (base 2) in base 6?
-224
Convert -18 (base 11) to base 3.
-201
-2002 (base 4) to base 14
-94
Convert 188 (base 12) t